/(-2) - (57/95 + (-2441584)/40)?
3, 5, 13, 313
Suppose s - 2*i + 26 = 0, -3*s - 41 = 2*i - 3. Let a be (366/(-5))/(9/(-30)). What are the prime factors of a + ((-21)/8 - (-6)/s)?
241
Suppose 3*v = -2*o - 40, 3*v - 4*o - o = -68. Let w(u) = 4*u + 74. Let z be w(-19). Let k = z - v. What are the prime factors of k?
2, 7
Suppose -g + 154 - 144 = 0. Suppose 5*l = 6*p - 2*p + 10, g = -2*p + 5*l. List the prime factors of (1146/6 - -4) + p/(-2).
3, 5, 13
Let u = -81360 - -114148. What are the prime factors of u?
2, 7, 1171
Let k = -30 - -12. Let j be ((-2)/(-3))/1 + 228/k. List the prime factors of (155/3)/((-4)/j).
5, 31
Suppose z + 13 = 7*q - 2*q, -4*q + 18 = 3*z. Suppose -58 = z*d - 212. What are the prime factors of d?
7, 11
Let l(i) = 0 + i + 0 + 10*i + i**2 - 6. Suppose 5*j + 2*g = -79, 4*g = 4*j + g + 54. What are the prime factors of l(j)?
2, 3
What are the prime factors of -3408*(1 - 85/34)?
2, 3, 71
Let i(x) = x**3 + 3*x**2 - 366*x + 117. List the prime factors of i(45).
3, 13, 691
Let o(r) be the third derivative of r**5/15 - 5*r**4/12 + 11*r**3/3 - 4*r**2. Let d be o(9). Suppose 3*m = 5*m - d. List the prime factors of m.
2
Suppose -11*j + 1 = -12*j. Let z(m) = 1792*m**2 - 5*m - 5. Let k be z(j). Suppose -6*y + k = 2*y. What are the prime factors of y?
2, 7
Let q(u) = 3229*u**3 - u**2 - 10*u + 10. Let k be q(4). List the prime factors of k/510 - 2/17.
3, 5
Let k = -268 - -1116. Suppose -k = -f - u + 52, -f + 894 = -u. What are the prime factors of f?
3, 13, 23
Let d(p) = p**2 - 11*p - 76. Let f be d(-5). What are the prime factors of (-264)/(-55)*310/f?
2, 3, 31
Let d be -2 + 14 + -1 + -2. Suppose -19 = -d*x + 8. Suppose 4*f - 126 = -2*g, 3*f - 131 = -5*g + x*g. What are the prime factors of g?
73
Let f = -5375 + 6928. List the prime factors of f.
1553
What are the prime factors of -4*((-1394394)/360 + 1/15)?
15493
Let r be -7 - (-3 + 2 - 30). What are the prime factors of 1138/(4 - 80/r)?
3, 569
Suppose 437*r - 374*r - 1420209 = 0. What are the prime factors of r?
22543
Let r(i) be the second derivative of 2*i**3 - 111*i**2/2 - 8*i. List the prime factors of r(10).
3
Let h be (-1 - (-124)/28)/(10/35). List the prime factors of 1088 + (-3)/(h/28).
23, 47
Let p be (-130)/(-78) + 1/6*8. Suppose -p*b = 5*d - 752, d - b = 3*b + 155. What are the prime factors of d?
151
Let b = -27 + 144. Suppose -4*c + 4*l - 280 = 0, 4*c = -6*l + 2*l - 248. Let w = c + b. List the prime factors of w.
3, 17
Let h = -38 + 18. Let d = -34 - h. Let p(r) = r**3 + 14*r**2 - 4*r + 26. List the prime factors of p(d).
2, 41
Let h be 0/(-3 - -2) - -6. Let v(k) = -10*k**3 - 6*k**2 + 48*k + 175. Let w be v(-3). Suppose h*f - 185 = w. What are the prime factors of f?
2, 3
Let t(f) = 11712*f**2 - 61*f - 111. List the prime factors of t(-2).
47, 997
Let l be 9205/175 + ((-9)/15)/1. Let x = 343 + -243. Let q = x - l. List the prime factors of q.
2, 3
Let v = -6334 + 26216. List the prime factors of v.
2, 9941
Suppose 100*j - 280 = 60*j. Let z(n) = -61*n + 93. Let k(t) = 41*t - 62. Let v(s) = -7*k(s) - 5*z(s). What are the prime factors of v(j)?
5, 19
Suppose -7*w + 5*w = -3*n - 21, 2*n = 6. Suppose -w*r + 431 = -1774. List the prime factors of r.
3, 7
Let p = -7353 - -21730. What are the prime factors of p?
11, 1307
Suppose -3*q = 0, -12 = 3*x + 3*q - 0. Let a be 7 + x + (-2 - 0). List the prime factors of (a*(-50)/(-6))/((-6)/(-90)).
5
Suppose 3*w - 39 = -27. Suppose -2941 = -w*k + 783. List the prime factors of k.
7, 19
Let h be (11 - -465) + (-2)/1. Suppose -5*n - h = 41. Let l = n + 193. What are the prime factors of l?
2, 3, 5
Let j = -40 + 29. Suppose 510 = -5*u + 2*n, 4*u - n + 443 = 35. Let t = j - u. What are the prime factors of t?
7, 13
Suppose 12*o - 7*o + 5*t - 3925 = 0, 2*t = 3*o - 2350. Suppose 2*p + q - o = 5*q, 5*p - 2035 = -5*q. List the prime factors of p.
2, 3, 67
Let j(q) = 37*q**2 - 12*q + 41. Let l be 6/(-8)*(-640)/96. List the prime factors of j(l).
2, 3, 151
Let m(a) = -a + 40. Suppose 3*d - 108 = -d - 4*x, -109 = -4*d - 3*x. List the prime factors of m(d).
2, 3
Let f = -4979 - -8622. What are the prime factors of f?
3643
Let n = 7822 - 4574. Let f = 4801 - n. List the prime factors of f.
1553
Suppose -4*r + 9 = -39. Suppose r*i - 112 = 8*i. Let z = i + 21. What are the prime factors of z?
7
Let c = -59 + 29. Let u = c + 30. Suppose 0*o - 3*o + k + 65 = u, k - 4 = 0. What are the prime factors of o?
23
Suppose 425*r = 404*r + 15225. What are the prime factors of r?
5, 29
Suppose -2*d + 5*y + 14 = 29, 4*y = 4*d + 12. Let j(p) be the third derivative of p**4/12 + 136*p**3/3 + 14*p**2. List the prime factors of j(d).
2, 17
Let c(t) = -2*t + 29. Let g be c(4). Suppose g*d - 2815 - 986 = 0. What are the prime factors of d?
181
Let u(a) = -618*a - 126. What are the prime factors of u(-9)?
2, 3, 151
Let b(t) = -t**3 + 5*t**2 + 2*t + 5. Let m be b(5). Suppose 0 = 5*n + m, -5*i + 61 = n - 26. What are the prime factors of i?
2, 3
Let f = -43 - -24. Let j = f + 13. What are the prime factors of (2/j)/(1/(-33))?
11
Let u(l) = 93*l**2 - 4*l + 5. Let p(w) = -187*w**2 + 6*w - 10. Let z(y) = -6*p(y) - 11*u(y). List the prime factors of z(-2).
5, 7, 11
Suppose j + 5*y - 9040 = 0, -2*y - 26715 = -2*j - 8599. List the prime factors of j.
5, 1811
List the prime factors of (-9 + (-7262)/14)/(8/(-336)).
2, 3, 1847
Suppose -11921 = -15*l + 5224. Let w = -181 + l. List the prime factors of w.
2, 13, 37
Let h be 1/(5/89340*-3*-4). Suppose t + 2 = -1, -t = 4*v - h. What are the prime factors of v?
373
Suppose -8 = 2*g - 4*p, -3*p + 4 = -4*g + 3. Suppose 0 = 2*n + g*n - m - 541, 5*n + 5*m - 695 = 0. What are the prime factors of n?
2, 17
List the prime factors of 9386/152*52*10.
2, 5, 13, 19
Let f = -5368 - -8158. Let z = f - 1292. What are the prime factors of z?
2, 7, 107
Let k(a) = a**2 - a - 37. Let j be k(-6). Suppose -t + j*t = -u + 16, 4*t + 144 = 4*u. What are the prime factors of u?
2
Suppose -4*y + 40 = q, 3*q - 9 = -y + 1. Let v be (-8)/10 - (-3998)/y. What are the prime factors of (-23 + 0 + 1)*v/(-42)?
11, 19
Let p(y) = 12*y + 1112. List the prime factors of p(8).
2, 151
Suppose -3*p - 2*p = -3790. Suppose -2*l - 5*m = 397, 2*m - 168 + p = -3*l. Let y = 292 + l. List the prime factors of y.
2, 3
Suppose 1520510 = 54*h + 45*h - 3280198. List the prime factors of h.
2, 3, 449
Suppose 2*s - 7905 = -v, -5*v + 2*s + 11148 + 28305 = 0. List the prime factors of v.
3, 877
Suppose 0 = -7*u - 1478 - 370. What are the prime factors of (130/(-4))/(33/u)?
2, 5, 13
What are the prime factors of -591*-5*(-7)/(-35)*81/3?
3, 197
Let t be (0 - -2)*4/2. Let n be (2 + (-189)/12)*2*t. Let f = n + 189. What are the prime factors of f?
79
Suppose 99*v = 95*v + 3*s + 279020, 2*s = -4*v + 279060. List the prime factors of v.
69761
Let n be -1*4/8*(-5 + 5). Suppose 0 = 2*y + 5*s - 1180, n*s - 1144 = -2*y + 4*s. List the prime factors of y.
2, 5, 29
Suppose -d = -2*d + 4. Suppose -d*g + 1847 = -3*s, -5*g - 5*s + 2265 = -0*g. Suppose -3*q + 230 = 2*o, 4*o + 7*q = 2*q + g. List the prime factors of o.
2, 7
What are the prime factors of 15/155*39483 - (-4)/62?
3821
Let v(f) = 54*f - 193. Let u be v(-29). Let a = 3069 + u. What are the prime factors of a?
2, 5, 131
Let j(p) = -p**3 + 7*p**2 - 7*p + 10. Let s be 4/14 + 160/28. Let d be 15/s*(-2 - -4). List the prime factors of j(d).
5
Suppose -26*c = -15*c - 590293 + 17512. List the prime factors of c.
3, 17, 1021
Let v(p) = -p**2 - 5*p - 2. Let x be v(-4). Let r be 22/(-20) + (-116)/(-1160). What are the prime factors of 124/x*(r - -3)?
2, 31
Let g(o) = -34*o + 116*o - 9 + 17*o. Let k be g(-3). Let i = 466 + k. What are the prime factors of i?
2, 5
Let v be (-18)/(-6) + 10 + 3. Suppose 2*t = -0*t + v. Suppose 0 = 3*q - t - 34. List the prime factors of q.
2, 7
Suppose 0 = -5*w + 28 - 3. Suppose -2*j = -w*j + 2499. What are the prime factors of j?
7, 17
Let s = -44940 - -85134. List the prime factors of s.
2, 3, 7, 11, 29
Suppose -4*i = 3*w - 749, i + w - 3*w - 179 = 0. Suppose -i = -10*l + 5*l. Suppose -33*z = -l*z + 144. List the prime factors of z.
2, 3
Suppose 5*m = 5*k - 15, -5*m + 3*k - 4 - 1 = 0. Suppose 0 = -4*d + m + 2, 3*o + 4*d - 4 = 0. Suppose -3*i + 28 + 26 = o. List the prime factors of i.
2, 3
Let k = -425 - -243. Let f = 